site?
False
Is 452381317743 prime?
False
Is 15733879387 prime?
True
Is 507078158 a composite number?
True
Is 51088679269 a prime number?
False
Is 115155736333 composite?
True
Is 124149559 a prime number?
True
Is 245709641 composite?
False
Is 1107511553 a prime number?
True
Is 101415404477 a composite number?
True
Is 38455022633 prime?
True
Is 23560929047 a prime number?
True
Is 3771936617 a prime number?
False
Is 7763526233 a composite number?
False
Is 14182092559 a prime number?
True
Is 13736358677 composite?
False
Is 5745962059 composite?
False
Is 2493064069 prime?
True
Is 306229621 prime?
False
Is 43920353441 prime?
True
Is 88261451651 prime?
True
Is 1019546911 prime?
False
Is 2924742797 prime?
True
Is 90472112257 a prime number?
False
Is 20679984751 prime?
False
Is 1452994451 a composite number?
True
Is 1138587487 a composite number?
True
Is 9184771247 composite?
True
Is 5828167 a composite number?
False
Is 3029197 a composite number?
True
Is 4717297693 prime?
True
Is 2469458011 a composite number?
False
Is 18454705783 composite?
False
Is 91899547 a composite number?
False
Is 2897269631 composite?
False
Is 26588282011 a prime number?
True
Is 84922961 a prime number?
True
Is 2692720297 prime?
False
Is 5471330043 prime?
False
Is 4172513747 a composite number?
False
Is 14738154413 composite?
False
Is 95144512031 a prime number?
True
Is 6238726111 composite?
False
Is 509144177 composite?
True
Is 294950975179 composite?
True
Is 4158933679 a prime number?
False
Is 238625487671 a composite number?
False
Is 768833861 composite?
True
Is 39746707771 a prime number?
False
Is 22812330139 a prime number?
True
Is 1061313037 composite?
False
Is 1003189079 prime?
True
Is 227935893637 a composite number?
True
Is 2885507 a prime number?
False
Is 22011064681 a composite number?
False
Is 308591519 a composite number?
True
Is 1490969317 composite?
False
Is 114578175857 prime?
True
Is 97585333 prime?
True
Is 1981173253 a composite number?
True
Is 4347043187 prime?
True
Is 7567563959 composite?
True
Is 18816281087 prime?
True
Is 24861878231 a composite number?
True
Is 88501199 a prime number?
False
Is 2223894773 a composite number?
False
Is 5168451517 composite?
True
Is 1504321207 composite?
True
Is 899286469 prime?
True
Is 28037071609 a prime number?
True
Is 2391946691 composite?
False
Is 70276537661 prime?
False
Is 47900900011 prime?
True
Is 3115190557 a prime number?
True
Is 350084297 prime?
False
Is 29189785973 a prime number?
True
Is 127905515989 a prime number?
True
Is 18167494207 a prime number?
False
Is 86438283703 a prime number?
True
Is 34047093083 a composite number?
False
Is 26056867153 a prime number?
False
Is 1550730431 a prime number?
False
Is 1465883147 prime?
True
Is 41903361091 a composite number?
False
Is 113732347693 a prime number?
True
Is 3501671695 composite?
True
Is 25898713889 a prime number?
True
Is 1423302679 composite?
True
Is 8218068601 a composite number?
True
Is 269895643 composite?
False
Is 11172171343 composite?
True
Is 168277979 a prime number?
False
Is 4730477369 a composite number?
True
Is 33571095997 a composite number?
False
Is 1481518457 a prime number?
True
Is 15146358287 prime?
True
Is 1868675873 prime?
True
Is 7601509547 a prime number?
True
Is 4724205601 composite?
False
Is 247354631 prime?
True
Is 200375369 composite?
True
Is 2170609123 a prime number?
False
Is 2946399986 a prime number?
False
Is 2334151861 prime?
True
Is 266605399 prime?
True
Is 203367673 composite?
False
Is 3006196477 prime?
True
Is 16052769049 a composite number?
True
Is 1202521493 composite?
False
Is 879721247 composite?
True
Is 7085258119 composite?
False
Is 446376653 a composite number?
True
Is 1049196353 prime?
True
Is 1504114757 a prime number?
False
Is 29892584251 composite?
False
Is 903727729 prime?
True
Is 358499633 prime?
True
Is 624711739 prime?
True
Is 11367001691 a prime number?
True
Is 19608677587 composite?
True
Is 168444797 a prime number?
True
Is 3391318277 a prime number?
True
Is 60123743 a prime number?
False
Is 19392777431 a composite number?
True
Is 973407859 a composite number?
False
Is 179905981 a prime number?
True
Is 6271636513 composite?
False
Is 1402993993 prime?
True
Is 6956482657 a prime number?
True
Is 1420732217 a prime number?
True
Is 10299024877 a prime number?
True
Is 164784096419 a composite number?
False
Is 8984344661 prime?
False
Is 99527551 prime?
True
Is 2056056973 composite?
False
Is 1032017837 composite?
False
Is 5687050489 a composite number?
False
Is 894889547 composite?
True
Is 6786398239 a composite number?
True
Is 17496961841 a composite number?
False
Is 22529661383 prime?
False
Is 3602024245 a prime number?
False
Is 788357413 composite?
False
Is 1270038149 composite?
False
Is 341255041 composite?
False
Is 828822359 a composite number?
False
Is 12027712441 a composite number?
False
Is 345493450099 a prime number?
False
Is 1576005143 a prime number?
True
Is 32628976253 a composite number?
False
Is 11512232213 composite?
False
Is 7696797155 a prime number?
False
Is 52879757797 a composite number?
True
Is 1144171045 a prime number?
False
Is 1521157181 prime?
True
Is 20012009747 a prime number?
True
Is 3926460697 composite?
True
Is 31241645753 a composite number?
False
Is 65923831 a prime number?
False
Is 35806196555 composite?
True
Is 260512113 a composite number?
True
Is 14185636093 a composite number?
True
Is 301470430333 prime?
True
Is 13105841339 composite?
False
Is 101891365 composite?
True
Is 9148232199 a composite number?
True
Is 129401132893 prime?
False
Is 932364479 prime?
False
Is 5153902051 composite?
True
Is 364547219701 a prime number?
False
Is 245576059 a composite number?
True
Is 3893833621 a composite number?
True
Is 16392408863 prime?
True
Is 1990261151 composite?
False
Is 98882905013 a prime number?
False
Is 646564983127 a composite number?
True
Is 802556011 prime?
False
Is 5595871793 a composite number?
True
Is 1142102399 composite?
False
Is 49233262891 composite?
False
Is 848754719 prime?
False
Is 9587041381 composite?
True
Is 62746370186 a composite number?
True
Is 6600795935 prime?
False
Is 3143460217 prime?
True
Is 101169424641 composite?
True
Is 28191715789 composite?
False
Is 2647090603 prime?
False
Is 128859621941 a prime number?
False
Is 1586410849 a composite number?
True
Is 358538723 a prime number?
True
Is 4772176329 composite?
True
Is 3533677709 composite?
True
Is 307440313 composite?
False
Is 1142478979 a prime number?
True
Is 5173961609 a prime number?
True
Is 4953850249 prime?
True
Is 46584569033 a prime number?
False
Is 67618895 prime?
False
Is 20933228318 a prime number?
False
Is 861588874 prime?
False
Is 79006730723 prime?
False
Is 35696122381 a composite number?
True
Is 1649079865 a composite number?
True
Is 10372580341 a composite number?
False
Is 5503498153 a prime number?
True
Is 4100469671 composite?
False
Is 147370174417 a prime number?
True
Is 1982207663 prime?
False
Is 161546309657 prime?
True
Is 31534272397 a prime number?
True
Is 599097827 a composite number?
False
Is 24148291 a prime number?
True
Is 9268827761 prime?
True
Is 1925033387 a prime number?
False
Is 2109714667 composite?
True
Is 1930836839 prime?
True
Is 1338524263 composite?
False
Is 63629857 a prime number?
False
Is 103484745535 prime?
False
Is 5751452593 composite?
False
Is 129086407 prime?
True
Is 856234403 a prime number?
True
Is 1230451711 composite?
False
Is 84448915411 a prime number?
False
Is 2925311885 a prime number?
False
Is 14325486151 a prime number?
True
Is 59170515143 composite?
True
Is 17078765111 composite?
False
Is 24261477563 composite?
True
Is 528636673 composite?
False
Is 5325505439 composite?
False
Is 2739399209 prime?
True
Is 10579752445 prime?
False
Is 16365725689 composite?
True
Is 314613737 a prime number?
True
Is 2404433989 composite?
True
Is 1267441739 a composite number?
False
Is 1732372601 composite?
True
Is 4110272497 a composite number?
True
Is 138082613 prime?
True
Is 111618668947 composite?
False
Is 3411137113 prime?
True
Is 44953992121 a composite number?
True
Is 797798783 a composite number?
False
Is 4843576769 a composite number?
False
Is 401303627 prime?
True
Is 8364263101 prime?
True
Is 1429458049 prime?
True
Is 141080903 composite?
True
Is 8201983243 a pr